1).
-6
Suppose 4*j - 35 = -7. Let p(d) = 4*d - 27. Let n(k) = 3*k - 18. Let u(z) = -8*n(z) + 5*p(z). Let s(t) = -2*t + 4. Let h(q) = j*s(q) - 3*u(q). Calculate h(1).
-1
Let y be (-4)/(-14) - 12/(-7). Let g(k) be the third derivative of -k**5/30 - k**4/24 + 763*k**2. Give g(y).
-10
Let s(v) = -v**3 - 4*v**2 + 5*v + 2. Let r be (-1 - 1)/(8/(-48)). Let d be 6*(56/r)/(-7). Determine s(d).
-18
Let b(m) = -m**3 + 5*m**2 + 4*m. Suppose 2*j - 4*t = -2 + 8, j = -4*t - 27. Let k be (-6 + ((-9)/2)/9)*-2. Let u = j + k. Determine b(u).
-12
Let f be -3 + -3 + 9/(-3). Let t = -7 - f. Let k(s) = t*s**2 + 2*s**2 - 7*s + 3 - s**3 - 1 + 2*s. What is k(3)?
-4
Let x(g) = 4*g**3 + 10*g**2 - 10*g + 9. Let z(j) = -3*j**3 - 9*j**2 + 9*j - 8. Let a(d) = 5*x(d) + 6*z(d). Give a(2).
5
Let h(r) be the first derivative of r**5/20 + r**4/12 - r**2/2 - 40*r + 26. Let a(x) be the first derivative of h(x). What is a(0)?
-1
Let k(v) = 14*v**3 + 2*v**2 + 4*v - 1. Let y(m) = -16*m**3 - 2*m**2 - 5*m + 1. Let h(s) = 5*k(s) + 4*y(s). What is h(1)?
7
Let f(s) = -s**3 - 18*s**2 - 2*s - 33. Suppose -5*k - 80 = 5*h, -4*k = 1 - 9. What is f(h)?
3
Let s(h) = 2*h**2 - h - 4. Let g be s(2). Let j(m) = -189*m**3 + m**g - 2*m + 188*m**3 - 5*m**2 - 3. Calculate j(-4).
5
Let g(i) be the first derivative of -16*i**3/3 + i + 3. Suppose 5*p + m + 4*m = -20, 0 = 2*p - 2*m - 12. Calculate g(p).
-15
Let b(t) = -12*t - 23. Let a(m) = 6*m + 9. Let h(d) = -5*a(d) - 2*b(d). Give h(4).
-23
Let i(t) = 55*t + 5. Let m(o) = -169*o - 14. Let y(z) = 11*i(z) + 4*m(z). Determine y(-1).
70
Let z be (12/(-8))/((-1)/8*-2). Let q(x) = -x**2 - 7*x - 7. What is q(z)?
-1
Let a = -116 - -116. Let h(z) = 3*z + 2. What is h(a)?
2
Let u(s) = s**2 - 8*s - 8. Let x(y) = -y**3 + 14*y**2 - 11*y - 18. Let w be x(13). Let z be u(w). Let c(g) = -8*g + 7*g + 11 + g**2 + 11*g. What is c(z)?
-5
Let q(n) = -15*n + 40. Let s be q(3). Let u(i) = -i**2 - 8*i - 10. Calculate u(s).
5
Let q(x) = x**2 + x + 25. Let l = 56 - 56. Give q(l).
25
Suppose -2*w - 10 = -r, 5*w - 6 = -2*r - 4. Let m = 0 - 10. Let x = r + m. Let o(k) = -k - 3. What is o(x)?
1
Let u(b) = b**2 - 5*b - 5. Let h be u(-3). Let p(i) = h*i**2 + 20*i**2 - 7 + 3*i - 38*i**2 + 6*i. Determine p(-6).
-25
Let u(n) be the first derivative of -13*n**6/120 - n**5/30 + n**3/6 - 2*n**2 - 13. Let o(j) be the second derivative of u(j). Give o(-1).
12
Let o(x) = x**3 + x**2 - 2*x - 2. Suppose 3*m + 6*m - 4*m = 0. Calculate o(m).
-2
Suppose d + 2*d = -12. Let a(k) = -11*k**2 + 3*k + 1. Let m(v) = 18*v**2 - 7*v - 1. Let t(g) = 5*a(g) + 3*m(g). Give t(d).
10
Let p(k) be the third derivative of 1/12*k**4 + 1/15*k**5 + 0*k + 0 - 7*k**2 + 7/6*k**3. Let r(l) = 3*l**2 + l + 6. Let d(f) = 2*p(f) - 3*r(f). Determine d(0).
-4
Let s(y) = -9*y - 143*y**2 - 8 + 424*y**2 - 140*y**2 - 142*y**2. What is s(-8)?
0
Let n(q) = -3*q**2 + 5*q - 10. Let w(c) = -c**2 - 1. Let v(o) = n(o) - 4*w(o). Determine v(-6).
0
Suppose l + 28 = u + 4*u, 3*u - 3*l = 12. Let z(h) be the first derivative of -h**3/3 + 5*h**2 - 7*h - 233. Determine z(u).
17
Let t(b) = b**3 + 3*b**2 - 2*b + 4. Let z be t(-4). Let r = 9 + z. Suppose -d + r*m + 2 = -12, 5*d - 3*m = 4. Let g(h) = -5*h**3 + h**2 + h + 1. Calculate g(d).
6
Let i(n) = n**3 - 4*n**2 + 7*n - 7. Suppose 18 - 44 = -13*w. Give i(w).
-1
Let b(p) = -8*p + 9*p - 3 + 9. Give b(-3).
3
Let v(j) = j**2 - 4*j + 7. Let s(m) = -m**3 - 10*m**2 - 20*m + 10. Let g be s(-7). Determine v(g).
4
Let r(g) = g**3 + g**2 - 7*g - 2. Let n be r(-3). Let s(h) = -h**2. Let o(m) = 12*m**3 - 5*m**2 + m - 1. Let k(c) = -o(c) + 5*s(c). Give k(n).
-12
Let v(q) = 7*q - 6. Suppose -5*l + 4*z + 43 = 5*z, 2*l = 2*z + 10. Suppose 27 = l*o - 5. Give v(o).
22
Let d be 8*6*(-8)/12. Let y = d + 25. Let k(u) = u**2 + 7*u - 5. Give k(y).
-5
Let n be (-1)/(-2) + 60/8. Suppose n = 2*q + 2*q. Let u(z) = 4 - q*z - 7*z**3 + 0*z**3 + 6*z**3 + 2*z**2. Give u(3).
-11
Let l be ((-25)/(-15))/(40/48). Let j(g) be the first derivative of -3/2*g**l - 2*g + 4. Calculate j(-4).
10
Let u be 3/(-15) + 276/180. Let l(x) be the first derivative of 2*x - 1 - u*x**3 - 1/2*x**2. Give l(-2).
-12
Suppose v - 6*v + 30 = j, 3*j + 30 = 5*v. Let k(b) = -4 - 2 - 4*b + v*b + b. Calculate k(4).
6
Let y(v) = -v**2 + 5*v - 2. Let n be y(4). Suppose n*t + 160 = -2*t. Let c be (3/(-2))/((-15)/t). Let f(q) = -q**2 - 6*q - 3. Give f(c).
5
Let x(n) = n**2. Let u(y) = y**3 + y**2 - 11*y + 3. Let d(t) = u(t) + 6*x(t). What is d(-8)?
27
Suppose 8*i = 19 + 13. Let p(y) = -y + 2*y**2 - i*y + 4*y - y**3. Calculate p(2).
-2
Let z(q) be the first derivative of 3*q**4/4 - q**3/3 + q**2 + q + 5. Let x(b) = -b**3 - b**2 + b + 1. Let s(d) = 4*x(d) + z(d). Let t = 6 - 12. What is s(t)?
5
Let n(j) = -38*j + 5. Let l(r) = -23*r + 3. Let o(v) = 5*l(v) - 3*n(v). What is o(19)?
-19
Let o be (-7)/(-70)*-58 - (-12)/15. Let h(v) = 4 + 3*v - 3*v + 2*v. Determine h(o).
-6
Suppose 4*o = 107 - 27. Let s = o - 16. Suppose -3*g = -g + 2*h + s, -5 = -2*g + h. Let l(w) = -2*w**3 - w**2 + 2*w - 1. Give l(g).
-2
Let i(k) be the first derivative of -3*k**2 + 5*k - 36. Give i(5).
-25
Let q(g) = -3 + 49*g**2 + 45*g**2 + 41*g**2 - 134*g**2. Calculate q(3).
6
Let r(v) = 4*v**2 + 1. Let g(n) = n**2 + 3. Let l be g(0). Let m(u) = -u**2 + 3*u. Let i be m(l). Suppose 3*o + 3 = -i. Calculate r(o).
5
Let x(n) = n - 8. Let q = -16 - -25. Determine x(q).
1
Let i(j) = 6*j - 3. Let k(q) = q**2 - 10*q - 37. Let f = 6 + 7. Let b be k(f). Determine i(b).
9
Let o = -4 - -6. Suppose 0 = -o*q + 6*q - 8. Let d be (60/(-25))/(q/(-5)). Let s(z) = z**2 - 7*z + 5. What is s(d)?
-1
Let g(q) = 47*q - 1 - 5*q**2 - 5 + q**2 - 53*q. Calculate g(-1).
-4
Let g(x) = x**3 - 6*x**2 - x - 1. Suppose 0 = -5*s - 3*a + 270, 0*s - 66 = -s - 3*a. Let y = s + -45. Give g(y).
-7
Let i(p) = p**2 + 4. Suppose -7*s = -3*s - 8. Let f(z) = s*z**3 + 2*z - 3*z + 0*z + 2*z**3. Let j be f(1). What is i(j)?
13
Let s(q) = -6 - q + 12 - 19. What is s(-13)?
0
Let p(z) = -3*z**2 - 7*z - 4. Let u(j) = 7*j**2 + 13*j + 7. Let f(i) = -5*p(i) - 2*u(i). Suppose -2 - 19 = -7*q. Let g be 9/3 - 4 - q. Determine f(g).
-14
Let z(o) be the second derivative of o**3/3 - o**2 + 91*o. Determine z(-5).
-12
Let f(x) = -205*x + 1024. Let n be f(5). Let j(a) = a - 2*a**2 - 6*a**2 - 2*a**2 + 1. Give j(n).
-10
Let r(o) = -2*o**2 - 7*o + 3. Let s(g) = -5*g**2 - 17*g + 5. Let c(z) = -7*r(z) + 3*s(z). What is c(0)?
-6
Let g(h) be the first derivative of 14 - 2*h + 5/2*h**2. Calculate g(-4).
-22
Let y(j) = j**3 - 4*j**2 - 3*j - 2. Suppose 88 = -5*d - 102. Let a = d - -43. Calculate y(a).
8
Let l(m) be the third derivative of 0*m + 1/120*m**6 + 1/15*m**5 + 0 + 1/24*m**4 + 16*m**2 + 1/3*m**3. Determine l(-4).
-2
Let h(n) = -8*n**2 - 2*n - 1. Let b(w) = -w**3 - 9*w**2 + 12*w. Let u be b(-10). Let s = 17 + u. Let k be (s/(-6))/(2/(-4)). Determine h(k).
-7
Suppose 0 = -3*g + 4*m - 69, -3*g - 2*m - 70 = g. Let s = -21 - -6. Let n = g - s. Let i(a) = -5*a - 6. Determine i(n).
14
Let u(g) = -276 + g + 555 - 291. Determine u(10).
-2
Let p be (-4 - (-1 + 2)) + 210/(-21). Let u(c) = c**2 + 14*c - 10. Calculate u(p).
5
Let c(y) = -5*y**2 + 9*y + 11. Let j(b) = b**2 - 4*b - 5. Let v(p) = 2*c(p) + 5*j(p). Give v(-2).
-19
Let t(j) be the first derivative of -j**2/2 + 2*j - 4. Let r be t(1). Let a(q) = -q**2 + q. Determine a(r).
0
Let w(m) = 2*m**2 - 5*m - 31. Let n(y) = y**2 - 3*y - 19. Let q(p) = -5*n(p) + 3*w(p). Give q(3).
11
Let p(l) = -l**2 + 5*l - 6. Let u = 151 + -147. Determine p(u).
-2
Let b(m) be the first derivative of -m**2/2 - 2*m + 151. What is b(-9)?
7
Let q(v) be the first derivative of v**6/120 + v**5/12 - v**3/2 + 15*v**2/2 + 11. Let x(j) be the second derivative of q(j). Determine x(-4).
13
Let u = -20 + 20. Let n(x) = u + 2 - x**2 - 44*x + 48*x. Let t = 7 - 4. Determine n(t).
5
Let w(d) = -d**2 + 2*d - 3. Let f(b) = b**3 + 8*b**2 - 7*b + 20. Let s be f(-9). Let x be w(s). Let k(u) = -u**2 - 2*u + 3. Calculate k(x).
0
Let m = 12 - 9. Suppose -13 = -m*q + 71. Let b = -36 + q. Let j(n) = n**3 + 9*n**2 + 8*n - 1. Determine j(b).
-1
Let o(l) = 11*l**3 - 2*l + 1. Suppose -a = 4*j - 4*a - 7, 3*a = 5*j - 8. Give o(j).
10
Let h(f) = 4*f**2 - 17*f + 4. Let d(r) = 7*r**2 - 32*r + 8. Let t(k) = -6*d(k) + 11*h(k). Let w be 4/16 + (-17)/4. Determine t(w).
8
Let l(f